{"id":36,"date":"2023-03-20T09:23:29","date_gmt":"2023-03-20T09:23:29","guid":{"rendered":"http:\/\/193.194.89.174\/wp_lggip\/?page_id=36"},"modified":"2024-03-13T08:53:11","modified_gmt":"2024-03-13T08:53:11","slug":"geochimie","status":"publish","type":"page","link":"https:\/\/lggip.usthb.dz\/index.php\/geochimie\/","title":{"rendered":"G\u00e9ochimie"},"content":{"rendered":"\n<h3 class=\"wp-block-heading\">Axes de recherche<\/h3>\n\n\n\n<p>La d\u00e9formation Panafricaine qui se traduit par un serrage E-W (plis droits d\u2019axe sensiblement N-S) s\u2019accompagne d\u2019une granitisation intense, marquant les principaux stades de l\u2019\u00e9volution de la cha\u00eene (\u00e9paississement, post-\u00e9paissisement, extension). Le principal objectif est de retracer cette \u00e9volution des granites du calco-alcalin \u00e0 l\u2019alcalin, de pr\u00e9ciser la nature des sources et les processus de fractionnement (fusion crustale, m\u00e9lange magmatique ) puis de d\u00e9finir leur contexte g\u00e9odynamique. L\u2019orogen\u00e8se Panafricaine du Hoggar pr\u00e9sente les caract\u00e9ristiques d\u2019une cha\u00eene de collision o\u00f9 les processus de migmatisation et de granitisation pourront \u00eatre analys\u00e9s \u00e0 diff\u00e9rents stades d\u2019\u00e9volution de la cha\u00eene. Les granites tardi-orog\u00e9niques bien repr\u00e9sent\u00e9s dans la r\u00e9gion seront des cibles privil\u00e9gi\u00e9s. Insuffisamment \u00e9tudi\u00e9s, ces granites calco-alcalins et alcalins sont des objets d\u00e9terminants pour comprendre les phases terminales de l\u2019\u00e9volution des cha\u00eenes. Certains d\u00e9crochements du Hoggar central de dimension lithosph\u00e9rique comme le 4\u00b0 50 sont ant\u00e9rieurs aux granites alcalins, d\u2019autres semblent post\u00e9rieurs \u00e0 ces m\u00eames granites. Ces couloirs de d\u00e9formation verticale se surimposent parfois \u00e0 des zones de d\u00e9formation tangentielle plus ancienne. Le magmatisme alpin de l\u2019Alg\u00e9rie du Nord constitue \u00e9galement un objectif \u00e0 atteindre. Cette \u00e9tude nous permettra de faire une synth\u00e8se du magmatisme p\u00e9rim\u00e9diterran\u00e9en en relation avec la tectonique des plaques.<\/p>\n\n\n\n<h3 class=\"wp-block-heading\">MEMBRES<\/h3>\n\n\n\n<p><strong>Chef d\u2019\u00e9quipe&nbsp;:<\/strong>&nbsp;Prof.<\/p>\n\n\n\n<figure class=\"wp-block-table\"><table><tbody><tr><td>Nom<\/td><td>Pr\u00e9nom<\/td><td>Grade<\/td><td>Structure d\u2019origine<\/td><\/tr><tr><td>LAOUAR<\/td><td>Rabah<\/td><td>Pr.<\/td><td>Univ. Annaba<\/td><\/tr><tr><td>ABDALLAH<\/td><td>Nachida<\/td><td>MCA<\/td><td>FSTGAT\/USTHB<\/td><\/tr><tr><td>FEZAA<\/td><td>Nassima<\/td><td>MCB<\/td><td>FSTGAT\/USTHB<\/td><\/tr><tr><td>TALMAT-BOUZEGUELLA&nbsp;<\/td><td>Sabiha<\/td><td>CC<\/td><td>ENS-Kouba<\/td><\/tr><\/tbody><\/table><\/figure>\n","protected":false},"excerpt":{"rendered":"<p>Axes de recherche La d\u00e9formation Panafricaine qui se traduit par un serrage E-W (plis droits d\u2019axe sensiblement N-S) s\u2019accompagne d\u2019une granitisation intense, marquant les principaux stades de l\u2019\u00e9volution de la cha\u00eene (\u00e9paississement, post-\u00e9paissisement, extension). Le principal objectif est de retracer <span class=\"readmore\"><a href=\"https:\/\/lggip.usthb.dz\/index.php\/geochimie\/\">Continue Reading<\/a><\/span><\/p>\n","protected":false},"author":1,"featured_media":70,"parent":0,"menu_order":0,"comment_status":"closed","ping_status":"closed","template":"","meta":{"footnotes":""},"class_list":["post-36","page","type-page","status-publish","has-post-thumbnail","hentry"],"_links":{"self":[{"href":"https:\/\/lggip.usthb.dz\/index.php\/wp-json\/wp\/v2\/pages\/36","targetHints":{"allow":["GET"]}}],"collection":[{"href":"https:\/\/lggip.usthb.dz\/index.php\/wp-json\/wp\/v2\/pages"}],"about":[{"href":"https:\/\/lggip.usthb.dz\/index.php\/wp-json\/wp\/v2\/types\/page"}],"author":[{"embeddable":true,"href":"https:\/\/lggip.usthb.dz\/index.php\/wp-json\/wp\/v2\/users\/1"}],"replies":[{"embeddable":true,"href":"https:\/\/lggip.usthb.dz\/index.php\/wp-json\/wp\/v2\/comments?post=36"}],"version-history":[{"count":12,"href":"https:\/\/lggip.usthb.dz\/index.php\/wp-json\/wp\/v2\/pages\/36\/revisions"}],"predecessor-version":[{"id":266,"href":"https:\/\/lggip.usthb.dz\/index.php\/wp-json\/wp\/v2\/pages\/36\/revisions\/266"}],"wp:featuredmedia":[{"embeddable":true,"href":"https:\/\/lggip.usthb.dz\/index.php\/wp-json\/wp\/v2\/media\/70"}],"wp:attachment":[{"href":"https:\/\/lggip.usthb.dz\/index.php\/wp-json\/wp\/v2\/media?parent=36"}],"curies":[{"name":"wp","href":"https:\/\/api.w.org\/{rel}","templated":true}]}}