{"id":41,"date":"2023-03-20T09:26:09","date_gmt":"2023-03-20T09:26:09","guid":{"rendered":"http:\/\/193.194.89.174\/wp_lggip\/?page_id=41"},"modified":"2024-03-13T08:53:18","modified_gmt":"2024-03-13T08:53:18","slug":"geologie-des-zones-profondes-du-hoggar","status":"publish","type":"page","link":"https:\/\/lggip.usthb.dz\/index.php\/geologie-des-zones-profondes-du-hoggar\/","title":{"rendered":"G\u00e9ologie des Zones profondes du Hoggar"},"content":{"rendered":"\n<h3 class=\"wp-block-heading\">Axes de recherche<\/h3>\n\n\n\n<p>De nombreux indices aurif\u00e8res ont \u00e9t\u00e9 identifi\u00e9s dans des contextes g\u00e9ologiques favorables comme les accidents Est ouzzalien (gisement de Tirek et d\u2019Amesmessa) mais les quartzites \u00e0 magn\u00e9tite des s\u00e9ries granulitiques de l\u2019In Ouzzal doivent aussi \u00eatre cibl\u00e9es pour la recherche de l\u2019Or. Des min\u00e9ralisation en chromite et en m\u00e9taux pr\u00e9cieux accompagnent g\u00e9n\u00e9ralement les complexes ultrabasiques. Le complexe d\u2019In Allarene (Hoggar occidental, sud In Ouzzal) devrait permettre de d\u00e9couvrir les PGE (\u00e9l\u00e9ments du groupe du platine). Dans l\u2019In Ouzzal (Hoggar occidental), les apatites, britholites et monazites se trouvant dans des gisements de carbonatites et contiennent de grandes quantit\u00e9s de terres rares et d\u2019actinides Un inventaire des min\u00e9raux utiles et des pi\u00e8rres semi-pr\u00e9cieuses associ\u00e9es aux terrains m\u00e9tamorphiques du Hoggar sera \u00e9labor\u00e9 sur des cartes au 1:5000 000. L\u2019\u00e9quipe \u00e9tudie les s\u00e9ries du Pr\u00e9cambrien du Hoggar, cette r\u00e9gion est privil\u00e9gi\u00e9e pour reconstituer l\u2019\u00e9volution g\u00e9odynamique des ceintures granulitiques associ\u00e9es aux anorthosites et carbonatites impliquant des gradients g\u00e9othermiques extr\u00eamement \u00e9lev\u00e9s au cours de l\u2019Eburn\u00e9en (2000 Ma) mais aussi de discuter de la signification g\u00e9odynamique du m\u00e9tamorphisme de haute pression appartenant \u00e0 l\u2019orogen\u00e8se Panafricaine (950-550 Ma). Les recherches qui comportent des travaux de terrain, d\u00e9j\u00e0 largement avanc\u00e9es ont permis de d\u00e9finir plusieurs r\u00e9gions dont l\u2019\u00e9tude est \u00e0 privil\u00e9gier comme les terranes de l\u2019In Ouzzal, Laouni et de l\u2019Eg\u00e9r\u00e9. Elles consistent aussi en une \u00e9tude classique des diverses roches (p\u00e9trologie m\u00e9tamorphique) suivie par une \u00e9tude de g\u00e9ochimie (g\u00e9ochimie sur roches totales et sur min\u00e9raux s\u00e9par\u00e9s, g\u00e9ochimie isotopique) et ce afin de d\u00e9finir les m\u00e9canismes g\u00e9odynamiques possibles ayant op\u00e9r\u00e9 \u00e0 l\u2019Arch\u00e9en , l\u2019Eburn\u00e9en et au Panafricain. L\u2019Eburn\u00e9en constitue une p\u00e9riode charni\u00e8re entre l\u2019Arch\u00e9en, p\u00e9riode de cr\u00e9ation crustale avec le d\u00e9veloppement des formation de type TTG (tonalite, trondhj\u00e9mite et granodiorite) et du d\u00e9veloppement des ceintures de roches vertes et le Panafricain o\u00f9 vont se g\u00e9n\u00e9raliser les m\u00e9canismes actuels de la tectonique des plaques. L\u2019un des aspects \u00e0 d\u00e9velopper est une synth\u00e8se des connaissances sur les s\u00e9ries m\u00e9tamorphiques du Hoggar en particulier les granulites et leurs relations avec les anorthosites et carbonatites afin de bien caract\u00e9riser l\u2019orogen\u00e8se \u00e9burn\u00e9enne et de proposer des mod\u00e9les g\u00e9odynamiques originaux caract\u00e9ristiques des tr\u00e8s hautes temp\u00e9ratures mais aussi pour discuter de la signification g\u00e9odynamique des roches ultrabasiques et \u00e9clogites appartenant \u00e0 l\u2019orogen\u00e8se panafricaine. Les min\u00e9ralisations caract\u00e9ristiques (Or, M\u00e9taux pr\u00e9cieux, terres rares, \u00e9l\u00e9ments radiocatifs, uranium et thorium) de chacune de ses periodes clefs (Arch\u00e9en, Eburn\u00e9en, Panfricain) seront inventori\u00e9es.<\/p>\n\n\n\n<h3 class=\"wp-block-heading\">MEMBRES<\/h3>\n\n\n\n<p><strong>Chef d\u2019\u00e9quipe&nbsp;:<\/strong>&nbsp;Prof.<\/p>\n\n\n\n<figure class=\"wp-block-table\"><table><tbody><tr><td>Nom<\/td><td>Pr\u00e9nom<\/td><td>Grade<\/td><td>Structure d\u2019origine<\/td><\/tr><tr><td>OUZEGANE<\/td><td>Khadidja<\/td><td>Pr.<\/td><td>FSTGAT\/USTHB<\/td><\/tr><tr><td>ADJERID<\/td><td>Zouhir<\/td><td>MC<strong>B<\/strong><\/td><td>ENS\/ KOUBA<\/td><\/tr><tr><td>AIT-DJAFER<\/td><td>Saida<\/td><td>MC<\/td><td>FSTGAT\/USTHB<\/td><\/tr><tr><td>BENDAOUD<\/td><td>Abderrahmane<\/td><td>MCA<\/td><td>FSTGAT\/USTHB<\/td><\/tr><tr><td>BOUREGHDA<\/td><td>Nadia<\/td><td>MCB<\/td><td>I.NA\/ El Harrach<\/td><\/tr><tr><td>DRARENI<\/td><td>Amar<\/td><td>MC<\/td><td>FSTGAT\/USTHB<\/td><\/tr><tr><td>DJEMAI<\/td><td>Safouane<\/td><td>MC<\/td><td>FSTGAT\/USTHB<\/td><\/tr><tr><td>KAMEL<\/td><td>Assia<\/td><td>MAA<\/td><td>FSTGAT\/USTHB<\/td><\/tr><tr><td>MOKRI<\/td><td>Malika<\/td><td>MAA<\/td><td>FSTGAT\/USTHB<\/td><\/tr><\/tbody><\/table><\/figure>\n","protected":false},"excerpt":{"rendered":"<p>Axes de recherche De nombreux indices aurif\u00e8res ont \u00e9t\u00e9 identifi\u00e9s dans des contextes g\u00e9ologiques favorables comme les accidents Est ouzzalien (gisement de Tirek et d\u2019Amesmessa) mais les quartzites \u00e0 magn\u00e9tite des s\u00e9ries granulitiques de l\u2019In Ouzzal doivent aussi \u00eatre cibl\u00e9es <span class=\"readmore\"><a href=\"https:\/\/lggip.usthb.dz\/index.php\/geologie-des-zones-profondes-du-hoggar\/\">Continue Reading<\/a><\/span><\/p>\n","protected":false},"author":1,"featured_media":88,"parent":0,"menu_order":0,"comment_status":"closed","ping_status":"closed","template":"","meta":{"footnotes":""},"class_list":["post-41","page","type-page","status-publish","has-post-thumbnail","hentry"],"_links":{"self":[{"href":"https:\/\/lggip.usthb.dz\/index.php\/wp-json\/wp\/v2\/pages\/41","targetHints":{"allow":["GET"]}}],"collection":[{"href":"https:\/\/lggip.usthb.dz\/index.php\/wp-json\/wp\/v2\/pages"}],"about":[{"href":"https:\/\/lggip.usthb.dz\/index.php\/wp-json\/wp\/v2\/types\/page"}],"author":[{"embeddable":true,"href":"https:\/\/lggip.usthb.dz\/index.php\/wp-json\/wp\/v2\/users\/1"}],"replies":[{"embeddable":true,"href":"https:\/\/lggip.usthb.dz\/index.php\/wp-json\/wp\/v2\/comments?post=41"}],"version-history":[{"count":6,"href":"https:\/\/lggip.usthb.dz\/index.php\/wp-json\/wp\/v2\/pages\/41\/revisions"}],"predecessor-version":[{"id":252,"href":"https:\/\/lggip.usthb.dz\/index.php\/wp-json\/wp\/v2\/pages\/41\/revisions\/252"}],"wp:featuredmedia":[{"embeddable":true,"href":"https:\/\/lggip.usthb.dz\/index.php\/wp-json\/wp\/v2\/media\/88"}],"wp:attachment":[{"href":"https:\/\/lggip.usthb.dz\/index.php\/wp-json\/wp\/v2\/media?parent=41"}],"curies":[{"name":"wp","href":"https:\/\/api.w.org\/{rel}","templated":true}]}}